+ (-4 + 21 + -16 - 12).
-19
Calculate (-77 - -90) + (-8 - 1) + 3.
7
Calculate 5 - (-18 - -8 - -29).
-14
-247 + 249 + -1 + 0 + 10
11
What is the value of (-1 - -6) + (2 - (17 - 19))?
9
Calculate 11 - (-12 + (-9 - -41) + -9).
0
What is the value of -15 - (-2 - 14) - -11?
12
Evaluate 6 + 0 + (-17 - -9).
-2
(-10 - 23 - -18) + -3 + -2 - -6
-14
15 + -11 + 6 + (5 - 20) + 11
6
(-4 - 1) + (-1 - (-8 - -18))
-16
24 + -12 + -7 + 19
24
Calculate (1 + 2 - 17) + 29.
15
What is the value of 3 - (2 + 2 + -5) - 17?
-13
-1 - (-1 - (-10 - (8 + -9)))
-9
-5 - (-5 - -1 - (0 - 19)) - -7
-13
Calculate 17 + 2 + (10 - -1 - 13).
17
What is 2 - (1 + (15 - 2) + (-26 - -28))?
-14
(-180 - -175) + (9 - -1) - (4 + 1)
0
What is the value of -5 - ((-5 - -14) + -15)?
1
What is the value of (0 - 18) + (17 - (90 - 58))?
-33
Evaluate -1 + (-3 - ((-2 - 8) + (33 - 36))).
9
-2 + 14 + 0 + -16 + -6
-10
What is the value of -44 + 13 + 24 - (0 + 28)?
-35
What is 147 + -156 - (-3 - (-1 + -19 + 1))?
-25
1 + 1 + (65 - 65) + 5
7
What is the value of 6 + -2 - (-7 - -11 - -16)?
-16
What is the value of (0 - 9) + 143 + -122?
12
Evaluate -4 + -1 - (353 - 360).
2
(32 + -21 - 23) + 11
-1
Evaluate -687 + 679 + 2 + 27.
21
What is the value of 1 + (-2 - 11) - (15 - (17 + -6))?
-16
What is -15 + -81 + 86 + -3 + -13?
-26
Evaluate (1 - 10) + 18 + -25 + 8.
-8
-45 + 22 + (4 - 1)
-20
Calculate 3 + 0 + (5 - 10) - (-4 + 1).
1
(4 - -5) + -5 + -5 + -3 - 28
-32
What is (-6 - 4) + -1 + (55 - 53)?
-9
-4 + -1 + (-11 - -12 - (0 + 2))
-6
(159 - 149) + (2 - 4 - -4) + -8
4
Calculate -266 + 251 + (4 - -2).
-9
What is -21 + 16 + -13 + 7?
-11
0 - -9 - (17 + 2 + -32 - -11)
11
Calculate -27 - (-10 + 2 - 12).
-7
Calculate 1 + 7 + 4 + 2 - (2 + 1).
11
Calculate -14 - 3 - (15 + -20).
-12
Calculate (-29 - -6) + 23 - (-13 - 0).
13
What is the value of 27 + -14 + -21 - (0 + -18)?
10
What is the value of -1 + -6 - (148 + -157)?
2
Calculate 40 + -5 + -22 - 20.
-7
-641 + 648 + 31 + 0
38
Calculate 8 + (-2 - (9 - 7) - 7) - 4.
-7
What is the value of 1 + -5 + -16 - ((-3 - -2) + -1)?
-18
Evaluate -17 - (-9 - 0) - -21.
13
(-1 - (18 - 9) - -6) + (14 - -1)
11
34 + 11 - 6 - 20
19
-4 + -1 - (27 + -5 - 10 - 5)
-12
What is (-104 - -128) + (1 - 19)?
6
What is -225 + 240 + 3 + -43 + 2?
-23
(10 - 6) + -11 + (79 - 89)
-17
Evaluate 0 + -1 - (-6 + (-20 - -22)).
3
What is the value of (-2 - -3) + -9 + 20?
12
Calculate -5 + 0 - (-8 - 12 - -32).
-17
Calculate 2 + -7 - (11 - (5 + -2)).
-13
What is the value of (2 + 2 + 3 - (-73 - -64)) + -9?
7
Evaluate -2 + 0 + (-5 - -4) + -2.
-5
What is the value of -7 + 3 + (1 + 2 - 7) + 0?
-8
Evaluate (-3 + -1 - (-6 - -13)) + 0.
-11
What is the value of (6 - (-12 - -12)) + (-16 - 1)?
-11
Evaluate 4 - (-15 + (-2 + -7 + 10 - -4)).
14
What is the value of 44 + -13 + -1 - ((3 - 12) + 20)?
19
What is the value of 0 + -11 + (-12 - -12 - -27)?
16
What is -1 + 12 + -4 - 18?
-11
Calculate 1 + -9 + 4 + (-5 - -23).
14
Calculate -19 + 9 + (3 - -42 - -3) + -1.
37
Calculate -22 + 4 + (89 - 86).
-15
What is (84 + -79 - (29 - 0)) + -3 + 7?
-20
What is the value of 8 + 1 - (-10 + 14 + 1) - 6?
-2
What is 0 - (5 + 2) - (41 + -11 + -37)?
0
Calculate 38 + -38 - (1 - -9) - -27.
17
Calculate 923 + -925 + -2 + 4.
0
Calculate (-14 - -28 - -27 - 20) + 1 + -1.
21
Calculate 313 + -309 - (17 + -1 + 2).
-14
11 - (2 - 1) - (109 + -108)
9
What is -2 - (-9 - (-4 + -7 + (-10 - -9)))?
-5
What is the value of -26 + 22 - (4 - (3 - -1))?
-4
What is 227 - 201 - (23 - -2)?
1
2 + 10 + 0 + (-52 - (-34 + -11))
5
47 + -60 - (11 - 4 - (-1 - -16))
-5
19 - (10 + -3) - 19
-7
What is 50 - 116 - -94 - (-1 - -10)?
19
Calculate -60 + -8 + 51 - (0 + -1 - 6).
-10
Calculate 0 + 1 - (0 - 1 - -5).
-3
Calculate 40 + -19 + -26 + 21.
16
What is the value of -2 + -8 + 8 - (1 + -3 + 8)?
-8
Evaluate 30 + -59 + 28 + -20.
-21
Evaluate 5 - (-5 - (-2 - (-5 - -6))).
7
Calculate 8 - (-25 + -2) - 21.
14
-23 + 10 + -7 + 0 + (-64 - -65)
-19
Calculate -13 + 41 - (10 - -11).
7
Evaluate 4 + -22 + (-77 - -84).
-11
Evaluate 11 + (18 - (11 - (1 + -14))).
5
11 + -21 + 12 + 2
4
What is the value of -3 + (1 - 4) - (-3 + 15)?
-18
What is (16 - -2) + (-10 - (-4 + -2))?
14
Evaluate -13 + 0 - (634 - 622).
-25
Evaluate -1 - 3 - ((5 - 12) + -2).
5
(0 + -2 - (115 + -107)) + 0 + 0
-10
What is the value of -30 - ((3 - 6) + -41 + 33)?
-19
What is the value of (-24 - (-5 - -3)) + 18?
-4
What is the value of -7 + 19 + -20 + -7?
-15
(16 - (-19 - -30)) + (14 - 3)
16
What is -6 + 4 + (5 + 19 - 3) + -4?
15
What is the value of (18 - -6) + -2 + -10 + -11 + -23?
-22
What is the value of 15 - (-32 + 5 + 36)?
6
Evaluate 3 - (5 - -1) - (10 - (-9 - -20)).
-2
What is -13 + 1 + (6 - -11)?
5
What is 12 + (-8 + -15 - -11) + -18 + -9?
-27
Calculate (99 - 96) + 4 + 1 - -10.
18
What is 5 + 9 - ((15 - 8) + -3)?
10
What is the value of -16 + -2 + (21 - 23)?
-20
Evaluate 9 + -4 + -2 + -2 + 2 + 3.
6
Calculate (3 - 4) + -10 + 2 - -4.
-5
(38 - 16 - 26) + 3
-1
Evaluate 9 - -5 - ((-4 - 1) + 3) - -4.
20
Calculate 4 + (6 - 5 - 8).
-3
(-1 - (-8 + 1)) + -287 + 284
3
What is 1 + -2 + -33 + 33 + -12?
-13
What is the value of -8 + (3 - -13) + (-2 - -8 - 10)?
4
107 + -107 + (-3 - -1)
-2
What is the value of -55 + 60 - (1 + (1 - 5) + 0)?
8
Evaluate 4 + (-5 - -13) + -17.
-5
What is -8 + 11 + 0 + 3 + (-17 - -9)?
-2
Calculate 7 + -5 + (3 - (14 - 8)) + 18.
17
Calculate -1 + 0 + 8 + -6 + (6 - 7).
0
Evaluate -24 - ((-34 - 5) + 7).
8
What is the value of 101 + -136 - ((4 - 1) + (-14 - -1))?
-25
What is 2 - -4 - (2 + 9 + -4)?
-1
What is 63 + -47 + (2 - 8) + 0?
10
Evaluate 9 - 12 - (-16 - 0).
13
4 - (-1 - (1 - 7) - 19)
18
What is -3 + (-3 + -1 - -6) + -4 - -1?
-4
What is the value of 26 + (26 - 71) - (-1 + -12)?
-6
60 + -58 + 14 - (-7 - 1)
24
What is the value of 48 - (12 + 13) - -2?
25
Evaluate 5 - (0 - (-10 + 0) - 0).
-5
Evaluate 5 + (-10 - -6) + (-14 - -6).
-7
What is (23 - 25) + (1 - 2)?
-3
0 - (-12 - -1) - ((25 - -2) + -28)
12
4 - ((-2 + 0 - 6) + 197 + -180)
-5
Evaluate 0 - -1 - (9 + 28 - 29).
-7
Calculate 4 + 5 - (-21 - -28 - (0 - -15)).
17
What is -3 + -3 + (3 - 4) + 9 + -14?
-12
What is the value of -36 + 37 + (-2 - (0 - 1) - 10)?
-10
What is 3 - 7 - (-10 - 2) - (353 - 368)?
23
What is -1 + 15 - (56 - 47)?
5
What is 4 + (-24 - -40) - 25?
-5
Calculate 1 + 1 + 6 + (-4 - 2) + 2.
4
What is the value of 1 + (-11 + -2 - 1)?
-13
What is the value of (4 - (-14 - 2)) + -20?
0
What is -12 + (31 - 3) + -2 - 20?
-6
Evaluate -3 + (2 - -3) + 5 - -3.
10
Calculate -4 - -34 - 4 - (4 - 18 - -10).
30
(9 - (-8 + 15)) + (41 - 39)
4
Calculate (8 - 28) + 8 + 31 - 14.
5
Evaluate (45 - (-29 - -51)) + 6.
29
What is 1 - (8 + (-17 - -6))?
4
What is the value of 7 + (7 + (-28 - (-15 - -6)) - 35)?
-40
What is 42 - (31 + 5 + -19)?
25
What is 1 + (-24 - 0) - -19?
-4
Calculate (-18 - -3) + 24 + (-40 - -1).
-30
Evaluate 10 + (-18 - (9 + -40)).
23
What is (-299 - -285) + 0 + 14?
0
Evaluate -9 - (9 - (-4 - -17)).
-5
-7 - (-1 + (-1 - 6))
1
Calculate 3 + -2 - (-30 - -19 - -18).
-6
Calculate 3 - (34 - 38 - (-1 + -6)) - -9.
9
41 + (-11 - (15 + -3 + -13))
31
-18 - -31 - (34 + -3 + 3)
-21
Calculate -15 + 12 + 21 + 0.
18
Evaluate -8 - (22 + -19) - -24.
13
What is (58 - 60) + (4 - 4)?
-2
What is the value of (7 - (-5 + -7)) + (14 - 23)?
10
What is -1 + 9 + -2 + -11 + 7 + 14?
16
Calculate 12 - (-2 - (13 + -31)).
-4
Calculate -2 + (-12 - 0) + 16.
2
What is the value of -1 + (2 - (0 - (5 - 2)))?
4
Calculate 0 + (-6 - -2) + 16 - (-21 - -26).
7
Evaluate -14 - (-8 + 46 + -35).
-17
What is (8 - (10 + (-24 - -11))) + (-49 - -4)?
-34
Evaluate 8 + 1 - (17 - (37 + -24)).
5
Calculate (8 - (4 + 19 + -2 + -2)) + -6.
-17
What is -3 - (6 - 3) - -2 - -2?
-2
Evaluate 10 + (11 + 2 - 34) + (-13 - -1).
-23
(-3 + -3 - 3) + -9 + 16 + -12
-14
What is the value of -1 - (-5 + -4 + -5)?
13
What is (-27 - -5) + (7 + 14 - 13)?
-14
Calculate 47 - (36 - 7) - 24.
-6
What is the value of -11 - (-11 + (14 - (23 - 12)))?
-3
What is 8 + -8 + -18 - 11 - -1?
-28
Calculate 14 + -11 + 8 + -14 + -20.
-23
Calculate 20 - (19 + -8 + (4 - -6) + -11).
10
Evaluate -7 + (-4 - ((-5 - -6) + -3)).
-9
What is the value of -27 + 9 + (-14 - 3) + 13?
-22
What is -2 + 1 + -21 - (-217 + 209)?
-14
What is 156 + -125 + (-3 - 12)?
16
What is 1 + 0 + (10 - 12) + -1 + 10?
8
0 + (11 - 14 - (6 - 10) - 5)
-4
Evaluate 34 + (12 - 16) + -31.
-1
8 + 